{"id":1558,"date":"2024-06-14T11:44:26","date_gmt":"2024-06-14T14:44:26","guid":{"rendered":"https:\/\/cesarvillanueva.com.ar\/tienda\/?post_type=product&#038;p=1558"},"modified":"2024-06-14T13:12:21","modified_gmt":"2024-06-14T16:12:21","slug":"remera-mix","status":"publish","type":"product","link":"https:\/\/cesarvillanueva.com.ar\/tienda\/productos\/remera-mix\/","title":{"rendered":"Remera mix"},"content":{"rendered":"<p>Prenda trabajada en algod\u00f3n y popl\u00edn de algod\u00f3n.<\/p>\n<p>Manga, doble fruncido.<\/p>\n","protected":false},"excerpt":{"rendered":"<p>Prenda trabajada en algod\u00f3n y popl\u00edn de algod\u00f3n. Manga, doble fruncido.<\/p>\n","protected":false},"featured_media":0,"template":"","meta":[],"product_brand":[],"product_cat":[132],"product_tag":[],"class_list":{"0":"post-1558","1":"product","2":"type-product","3":"status-publish","5":"product_cat-remeras","6":"pa_color-azul","7":"pa_color-verde","8":"pa_color-negro","10":"first","11":"instock","12":"shipping-taxable","13":"purchasable","14":"product-type-simple"},"_links":{"self":[{"href":"https:\/\/cesarvillanueva.com.ar\/tienda\/wp-json\/wp\/v2\/product\/1558","targetHints":{"allow":["GET"]}}],"collection":[{"href":"https:\/\/cesarvillanueva.com.ar\/tienda\/wp-json\/wp\/v2\/product"}],"about":[{"href":"https:\/\/cesarvillanueva.com.ar\/tienda\/wp-json\/wp\/v2\/types\/product"}],"wp:attachment":[{"href":"https:\/\/cesarvillanueva.com.ar\/tienda\/wp-json\/wp\/v2\/media?parent=1558"}],"wp:term":[{"taxonomy":"product_brand","embeddable":true,"href":"https:\/\/cesarvillanueva.com.ar\/tienda\/wp-json\/wp\/v2\/product_brand?post=1558"},{"taxonomy":"product_cat","embeddable":true,"href":"https:\/\/cesarvillanueva.com.ar\/tienda\/wp-json\/wp\/v2\/product_cat?post=1558"},{"taxonomy":"product_tag","embeddable":true,"href":"https:\/\/cesarvillanueva.com.ar\/tienda\/wp-json\/wp\/v2\/product_tag?post=1558"}],"curies":[{"name":"wp","href":"https:\/\/api.w.org\/{rel}","templated":true}]}}

<p>Prenda trabajada en algodón y poplín de algodón.</p>
<p>Manga, doble fruncido.</p>

<p>Prenda trabajada en algodón y poplín de algodón. Manga, doble fruncido.</p>
